{"id":125,"date":"2023-11-09T09:19:13","date_gmt":"2023-11-09T08:19:13","guid":{"rendered":"https:\/\/ceofrance-international.org\/?page_id=125"},"modified":"2024-09-25T02:33:20","modified_gmt":"2024-09-25T00:33:20","slug":"prochaine-conference","status":"publish","type":"page","link":"https:\/\/ceofrance-international.org\/index.php\/prochaine-conference\/","title":{"rendered":"PROCHAINE CONF\u00c9RENCE"},"content":{"rendered":"\n<p>Nous : \u00ab Canepa Philippe \u00bb, \u00ab Paux Joseph \u00bb, \u00ab Canarelli Kalyste \u00bb, \u00ab Bouchet Jean-louis \u00bb, sommes les fondateurs du&nbsp;CEOFRANCE (Commission Etude Ovni France) Fond\u00e9e en 2013. Nous sommes une scission de la COMMISSION \u00c9TUDE OVNI FRANCE. Notre association a \u00e9t\u00e9 cr\u00e9\u00e9 en 2023&nbsp; suite \u00e0 des divergences sur la gestion et la compr\u00e9hension du ph\u00e9nom\u00e8ne OVNI et Extraterrestre.<\/p>\n\n\n\n<figure class=\"wp-block-image size-large\"><img loading=\"lazy\" decoding=\"async\" width=\"768\" height=\"1024\" src=\"https:\/\/ceofrance-international.org\/wp-content\/uploads\/2024\/09\/rencontre-du-cinquieme-type-1--768x1024.jpg\" alt=\"\" class=\"wp-image-763\" srcset=\"https:\/\/ceofrance-international.org\/wp-content\/uploads\/2024\/09\/rencontre-du-cinquieme-type-1--768x1024.jpg 768w, https:\/\/ceofrance-international.org\/wp-content\/uploads\/2024\/09\/rencontre-du-cinquieme-type-1--225x300.jpg 225w, https:\/\/ceofrance-international.org\/wp-content\/uploads\/2024\/09\/rencontre-du-cinquieme-type-1--1152x1536.jpg 1152w, https:\/\/ceofrance-international.org\/wp-content\/uploads\/2024\/09\/rencontre-du-cinquieme-type-1--1536x2048.jpg 1536w, https:\/\/ceofrance-international.org\/wp-content\/uploads\/2024\/09\/rencontre-du-cinquieme-type-1-.jpg 1920w\" sizes=\"auto, (max-width: 768px) 100vw, 768px\" \/><figcaption class=\"wp-element-caption\">Compressed by jpeg-recompress<\/figcaption><\/figure>\n\n\n\n<figure class=\"wp-block-image size-full\"><img loading=\"lazy\" decoding=\"async\" width=\"630\" height=\"890\" src=\"https:\/\/ceofrance-international.org\/wp-content\/uploads\/2023\/11\/conference-17-fevrier.png\" alt=\"\" class=\"wp-image-195\" srcset=\"https:\/\/ceofrance-international.org\/wp-content\/uploads\/2023\/11\/conference-17-fevrier.png 630w, https:\/\/ceofrance-international.org\/wp-content\/uploads\/2023\/11\/conference-17-fevrier-212x300.png 212w\" sizes=\"auto, (max-width: 630px) 100vw, 630px\" \/><\/figure>\n\n\n\n<figure class=\"wp-block-image size-large\"><img decoding=\"async\" src=\"https:\/\/ceofrance-international.org\/wp-content\/uploads\/2023\/11\/bas-de-page-3-1024x246.png\" alt=\"\" class=\"wp-image-208\"\/><\/figure>\n","protected":false},"excerpt":{"rendered":"<p>Nous : \u00ab Canepa Philippe \u00bb, \u00ab Paux Joseph \u00bb, \u00ab Canarelli Kalyste \u00bb, \u00ab Bouchet Jean-louis \u00bb, sommes les fondateurs du&nbsp;CEOFRANCE (Commission Etude Ovni France) Fond\u00e9e en 2013. Nous sommes une scission de la COMMISSION \u00c9TUDE OVNI FRANCE. Notre association a \u00e9t\u00e9 cr\u00e9\u00e9 en 2023&nbsp; suite \u00e0 des divergences sur la gestion et la [&hellip;]<\/p>\n","protected":false},"author":1,"featured_media":0,"parent":0,"menu_order":0,"comment_status":"closed","ping_status":"closed","template":"","meta":{"footnotes":""},"class_list":["post-125","page","type-page","status-publish","hentry"],"yoast_head":"<!-- This site is optimized with the Yoast SEO plugin v27.5 - https:\/\/yoast.com\/product\/yoast-seo-wordpress\/ -->\n<title>PROCHAINE CONF\u00c9RENCE - ceofrance-international.org<\/title>\n<meta name=\"robots\" content=\"index, follow, max-snippet:-1, max-image-preview:large, max-video-preview:-1\" \/>\n<link rel=\"canonical\" href=\"https:\/\/ceofrance-international.org\/index.php\/prochaine-conference\/\" \/>\n<meta property=\"og:locale\" content=\"fr_FR\" \/>\n<meta property=\"og:type\" content=\"article\" \/>\n<meta property=\"og:title\" content=\"PROCHAINE CONF\u00c9RENCE - ceofrance-international.org\" \/>\n<meta property=\"og:description\" content=\"Nous : \u00ab Canepa Philippe \u00bb, \u00ab Paux Joseph \u00bb, \u00ab Canarelli Kalyste \u00bb, \u00ab Bouchet Jean-louis \u00bb, sommes les fondateurs du&nbsp;CEOFRANCE (Commission Etude Ovni France) Fond\u00e9e en 2013. Nous sommes une scission de la COMMISSION \u00c9TUDE OVNI FRANCE. Notre association a \u00e9t\u00e9 cr\u00e9\u00e9 en 2023&nbsp; suite \u00e0 des divergences sur la gestion et la [&hellip;]\" \/>\n<meta property=\"og:url\" content=\"https:\/\/ceofrance-international.org\/index.php\/prochaine-conference\/\" \/>\n<meta property=\"og:site_name\" content=\"ceofrance-international.org\" \/>\n<meta property=\"article:modified_time\" content=\"2024-09-25T00:33:20+00:00\" \/>\n<meta property=\"og:image\" content=\"https:\/\/ceofrance-international.org\/wp-content\/uploads\/2024\/09\/rencontre-du-cinquieme-type-1--768x1024.jpg\" \/>\n<meta name=\"twitter:card\" content=\"summary_large_image\" \/>\n<script type=\"application\/ld+json\" class=\"yoast-schema-graph\">{\"@context\":\"https:\\\/\\\/schema.org\",\"@graph\":[{\"@type\":\"WebPage\",\"@id\":\"https:\\\/\\\/ceofrance-international.org\\\/index.php\\\/prochaine-conference\\\/\",\"url\":\"https:\\\/\\\/ceofrance-international.org\\\/index.php\\\/prochaine-conference\\\/\",\"name\":\"PROCHAINE CONF\u00c9RENCE - ceofrance-international.org\",\"isPartOf\":{\"@id\":\"https:\\\/\\\/ceofrance-international.org\\\/#website\"},\"primaryImageOfPage\":{\"@id\":\"https:\\\/\\\/ceofrance-international.org\\\/index.php\\\/prochaine-conference\\\/#primaryimage\"},\"image\":{\"@id\":\"https:\\\/\\\/ceofrance-international.org\\\/index.php\\\/prochaine-conference\\\/#primaryimage\"},\"thumbnailUrl\":\"https:\\\/\\\/ceofrance-international.org\\\/wp-content\\\/uploads\\\/2024\\\/09\\\/rencontre-du-cinquieme-type-1--768x1024.jpg\",\"datePublished\":\"2023-11-09T08:19:13+00:00\",\"dateModified\":\"2024-09-25T00:33:20+00:00\",\"breadcrumb\":{\"@id\":\"https:\\\/\\\/ceofrance-international.org\\\/index.php\\\/prochaine-conference\\\/#breadcrumb\"},\"inLanguage\":\"fr-BE\",\"potentialAction\":[{\"@type\":\"ReadAction\",\"target\":[\"https:\\\/\\\/ceofrance-international.org\\\/index.php\\\/prochaine-conference\\\/\"]}]},{\"@type\":\"ImageObject\",\"inLanguage\":\"fr-BE\",\"@id\":\"https:\\\/\\\/ceofrance-international.org\\\/index.php\\\/prochaine-conference\\\/#primaryimage\",\"url\":\"https:\\\/\\\/ceofrance-international.org\\\/wp-content\\\/uploads\\\/2024\\\/09\\\/rencontre-du-cinquieme-type-1-.jpg\",\"contentUrl\":\"https:\\\/\\\/ceofrance-international.org\\\/wp-content\\\/uploads\\\/2024\\\/09\\\/rencontre-du-cinquieme-type-1-.jpg\",\"width\":1920,\"height\":2560,\"caption\":\"Compressed by jpeg-recompress\"},{\"@type\":\"BreadcrumbList\",\"@id\":\"https:\\\/\\\/ceofrance-international.org\\\/index.php\\\/prochaine-conference\\\/#breadcrumb\",\"itemListElement\":[{\"@type\":\"ListItem\",\"position\":1,\"name\":\"Accueil\",\"item\":\"https:\\\/\\\/ceofrance-international.org\\\/\"},{\"@type\":\"ListItem\",\"position\":2,\"name\":\"PROCHAINE CONF\u00c9RENCE\"}]},{\"@type\":\"WebSite\",\"@id\":\"https:\\\/\\\/ceofrance-international.org\\\/#website\",\"url\":\"https:\\\/\\\/ceofrance-international.org\\\/\",\"name\":\"ceofrance-international.org\",\"description\":\"OVNI, Extraterrestre, Alien, Enlevement, UFO, contact\",\"potentialAction\":[{\"@type\":\"SearchAction\",\"target\":{\"@type\":\"EntryPoint\",\"urlTemplate\":\"https:\\\/\\\/ceofrance-international.org\\\/?s={search_term_string}\"},\"query-input\":{\"@type\":\"PropertyValueSpecification\",\"valueRequired\":true,\"valueName\":\"search_term_string\"}}],\"inLanguage\":\"fr-BE\"}]}<\/script>\n<!-- \/ Yoast SEO plugin. -->","yoast_head_json":{"title":"PROCHAINE CONF\u00c9RENCE - ceofrance-international.org","robots":{"index":"index","follow":"follow","max-snippet":"max-snippet:-1","max-image-preview":"max-image-preview:large","max-video-preview":"max-video-preview:-1"},"canonical":"https:\/\/ceofrance-international.org\/index.php\/prochaine-conference\/","og_locale":"fr_FR","og_type":"article","og_title":"PROCHAINE CONF\u00c9RENCE - ceofrance-international.org","og_description":"Nous : \u00ab Canepa Philippe \u00bb, \u00ab Paux Joseph \u00bb, \u00ab Canarelli Kalyste \u00bb, \u00ab Bouchet Jean-louis \u00bb, sommes les fondateurs du&nbsp;CEOFRANCE (Commission Etude Ovni France) Fond\u00e9e en 2013. Nous sommes une scission de la COMMISSION \u00c9TUDE OVNI FRANCE. Notre association a \u00e9t\u00e9 cr\u00e9\u00e9 en 2023&nbsp; suite \u00e0 des divergences sur la gestion et la [&hellip;]","og_url":"https:\/\/ceofrance-international.org\/index.php\/prochaine-conference\/","og_site_name":"ceofrance-international.org","article_modified_time":"2024-09-25T00:33:20+00:00","og_image":[{"url":"https:\/\/ceofrance-international.org\/wp-content\/uploads\/2024\/09\/rencontre-du-cinquieme-type-1--768x1024.jpg","type":"","width":"","height":""}],"twitter_card":"summary_large_image","schema":{"@context":"https:\/\/schema.org","@graph":[{"@type":"WebPage","@id":"https:\/\/ceofrance-international.org\/index.php\/prochaine-conference\/","url":"https:\/\/ceofrance-international.org\/index.php\/prochaine-conference\/","name":"PROCHAINE CONF\u00c9RENCE - ceofrance-international.org","isPartOf":{"@id":"https:\/\/ceofrance-international.org\/#website"},"primaryImageOfPage":{"@id":"https:\/\/ceofrance-international.org\/index.php\/prochaine-conference\/#primaryimage"},"image":{"@id":"https:\/\/ceofrance-international.org\/index.php\/prochaine-conference\/#primaryimage"},"thumbnailUrl":"https:\/\/ceofrance-international.org\/wp-content\/uploads\/2024\/09\/rencontre-du-cinquieme-type-1--768x1024.jpg","datePublished":"2023-11-09T08:19:13+00:00","dateModified":"2024-09-25T00:33:20+00:00","breadcrumb":{"@id":"https:\/\/ceofrance-international.org\/index.php\/prochaine-conference\/#breadcrumb"},"inLanguage":"fr-BE","potentialAction":[{"@type":"ReadAction","target":["https:\/\/ceofrance-international.org\/index.php\/prochaine-conference\/"]}]},{"@type":"ImageObject","inLanguage":"fr-BE","@id":"https:\/\/ceofrance-international.org\/index.php\/prochaine-conference\/#primaryimage","url":"https:\/\/ceofrance-international.org\/wp-content\/uploads\/2024\/09\/rencontre-du-cinquieme-type-1-.jpg","contentUrl":"https:\/\/ceofrance-international.org\/wp-content\/uploads\/2024\/09\/rencontre-du-cinquieme-type-1-.jpg","width":1920,"height":2560,"caption":"Compressed by jpeg-recompress"},{"@type":"BreadcrumbList","@id":"https:\/\/ceofrance-international.org\/index.php\/prochaine-conference\/#breadcrumb","itemListElement":[{"@type":"ListItem","position":1,"name":"Accueil","item":"https:\/\/ceofrance-international.org\/"},{"@type":"ListItem","position":2,"name":"PROCHAINE CONF\u00c9RENCE"}]},{"@type":"WebSite","@id":"https:\/\/ceofrance-international.org\/#website","url":"https:\/\/ceofrance-international.org\/","name":"ceofrance-international.org","description":"OVNI, Extraterrestre, Alien, Enlevement, UFO, contact","potentialAction":[{"@type":"SearchAction","target":{"@type":"EntryPoint","urlTemplate":"https:\/\/ceofrance-international.org\/?s={search_term_string}"},"query-input":{"@type":"PropertyValueSpecification","valueRequired":true,"valueName":"search_term_string"}}],"inLanguage":"fr-BE"}]}},"_links":{"self":[{"href":"https:\/\/ceofrance-international.org\/index.php\/wp-json\/wp\/v2\/pages\/125","targetHints":{"allow":["GET"]}}],"collection":[{"href":"https:\/\/ceofrance-international.org\/index.php\/wp-json\/wp\/v2\/pages"}],"about":[{"href":"https:\/\/ceofrance-international.org\/index.php\/wp-json\/wp\/v2\/types\/page"}],"author":[{"embeddable":true,"href":"https:\/\/ceofrance-international.org\/index.php\/wp-json\/wp\/v2\/users\/1"}],"replies":[{"embeddable":true,"href":"https:\/\/ceofrance-international.org\/index.php\/wp-json\/wp\/v2\/comments?post=125"}],"version-history":[{"count":15,"href":"https:\/\/ceofrance-international.org\/index.php\/wp-json\/wp\/v2\/pages\/125\/revisions"}],"predecessor-version":[{"id":764,"href":"https:\/\/ceofrance-international.org\/index.php\/wp-json\/wp\/v2\/pages\/125\/revisions\/764"}],"wp:attachment":[{"href":"https:\/\/ceofrance-international.org\/index.php\/wp-json\/wp\/v2\/media?parent=125"}],"curies":[{"name":"wp","href":"https:\/\/api.w.org\/{rel}","templated":true}]}}